True
Suppose 9*k = -3*k + 60. Suppose 4*m + 2303 = -k*g - 3049, -g = 0. Let x = m - -2815. Is x prime?
False
Let j(t) = -2400*t - 7. Let x be j(-2). Let d = 9462 - x. Suppose -16*u = -9*u - d. Is u a prime number?
False
Let s(p) = p**3 - 11*p**2 - 12*p - 4. Let f be s(12). Let q be (-9)/2*f/(-6) + -10. Let v(c) = -22*c - 15. Is v(q) a prime number?
True
Let n be 2*9355/50 - 3/15. Let u = n + 1283. Is u composite?
False
Suppose v = -3*v + 5*o + 60, 5*v - o = 54. Is (3301 - 3)*5/v prime?
False
Let t = -9571 - -36770. Is t a prime number?
False
Suppose 0 = -z - 2, -q + 97 = -2*q + 2*z. Let l = q + -27. Let h = 75 - l. Is h a prime number?
False
Suppose 0 = -13697*b + 13694*b - 1170. Let h(x) = x - 5. Let a be h(4). Is (-7)/(b/740 - a/2) a prime number?
False
Let y = 73 + 16. Let n = y - 42. Suppose 4364 = -n*h + 51*h. Is h a prime number?
True
Let p = 67223 + 43574. Is p a composite number?
True
Let x be (-50)/15*1*(-12)/5. Is 2274/2*9*x/216 prime?
True
Let l(y) = y**3 - 24*y**2 + 23*y + 12. Let h(b) = -15*b - 7. Let z be h(-2). Let f be l(z). Is 3061/2 + f/(-8) prime?
False
Suppose -3*q + 26627 = -22339. Suppose -q = -6*d - 776. Is d a prime number?
True
Suppose 0 = -122*y + 16*y - 34*y + 6113380. Is y a prime number?
False
Suppose -4*l - 1426 = -2*c, -4*c - l + 208 + 2617 = 0. Let g = -4 - -8. Suppose -4*t = 4*m - c + 179, -g*t = 4. Is m composite?
True
Let q = -37827 - -114224. Is q a composite number?
True
Let m = 15942 + 2500. Is m a prime number?
False
Let l = 280847 - -108714. Is l composite?
False
Suppose 3*g - 8*g + 31 = -4*h, g = 4*h + 19. Let n = g - 11. Is 2/n + (-2715)/(-12) a prime number?
False
Suppose -118*u + 322023 + 246175 = 9*u. Is u a prime number?
False
Suppose 7*k + 14*k - 548088 = -3*k. Is k prime?
False
Let r = 3172 - 1884. Let b = r + -657. Is b a prime number?
True
Let a be 22270 - (-6 + 8) - 4. Let s = a + -12257. Is s composite?
False
Let n(y) = 62*y**3 + 11*y**2 - 35*y + 333. Is n(16) a composite number?
False
Let r(z) = -7948*z + 15. Let j = -493 - -492. Is r(j) prime?
True
Suppose -3*b - 5*g + 71596 = 0, 2*b - 47704 = 124*g - 122*g. Is b a composite number?
False
Suppose -2*t - 3131 = 5*k, 4*t - 2*k + 6238 = -4*k. Let i = t + 2471. Let w = i + -278. Is w a prime number?
False
Let v be (14/21)/((-4)/18) - 159. Let m be (-4226)/(-6) + (-9)/(v/12). Suppose 5*c + 0*c - m = -3*k, 4*c - k = 564. Is c prime?
False
Let i(y) = y**3 + 2*y**2 - 3*y - 4. Suppose -3*l = -0*l + 6. Let f be i(l). Is ((-353)/3)/(f/(-6)) composite?
False
Let h = 467 + -465. Is (135354/9)/(3/9*h) a prime number?
False
Let k(t) = t**3 - 17*t**2 + 31*t - 17. Let a be k(15). Let y(u) = -130*u**3 + 3*u**2 + 4*u + 5. Is y(a) prime?
True
Let f(z) = -2*z**2 + 21*z + 56. Let d be f(12). Suppose d*v = -9*v + 718939. Is v composite?
True
Suppose -4*s = -0*s. Let h be ((-24)/4)/(s - 4/2). Suppose 0*a - 217 = -w - h*a, -233 = -w + 5*a. Is w a prime number?
True
Let n(k) = 2*k**2 + k - 7. Let t be n(-7). Let s be (-3562)/(-14) - (-48)/t. Suppose -s = a - 686. Is a a composite number?
False
Suppose -s = -v - 64, -s + 2*v + 97 - 30 = 0. Let r = 61 - s. Suppose i - w + 0*w - 4107 = r, -w = 2*i - 8208. Is i a composite number?
True
Suppose -27704679 = -22*t - 35*t. Is t a composite number?
True
Suppose 46*p + 41*p - 53*p = 488546. Is p a prime number?
True
Let u be ((-2)/(-4))/((-2)/(-38604)). Suppose -2*d = d - u. Let j = 6120 - d. Is j prime?
True
Suppose -53*s + 56*s + 5*v = 479952, v = -4*s + 639953. Is s a prime number?
False
Suppose 391248 = 4*j + 5*w, 3*w + 123578 = 4*j - 267638. Is j a composite number?
True
Suppose -9 - 5 = -7*o. Is ((-209)/44)/(o/(-1016)) a composite number?
True
Suppose -13*m - 20 + 33 = 0. Let q(c) = 1017*c - 26. Is q(m) a composite number?
False
Suppose -3969633 - 23861700 = -89*b - 34*b. Is b a composite number?
True
Let y = 3658 + 849. Is y a composite number?
False
Let b be ((-1)/(-2))/(1/(-2)). Let i(k) be the third derivative of -181*k**6/40 - k**5/30 + k**4/24 + k**3/2 + 6*k**2 + 5. Is i(b) composite?
True
Let u = 57173 + -20821. Suppose 236 = 12*b - u. Is b composite?
False
Suppose 0 = -3*p + s, 0*p - 3*s = 3*p. Let c be -3 - -1 - p - 3*730. Let z = 3813 + c. Is z prime?
True
Is ((-2)/(-5 + 7))/((-1)/9029) composite?
False
Let s = -457660 + 952647. Is s a prime number?
True
Let l = 19939 - -13188. Is l composite?
True
Let i = -27994 - -29279. Is i a prime number?
False
Suppose 3*t + m = 17547, -465*m - 29259 = -5*t - 469*m. Is t prime?
False
Suppose 0 = -11*f - 25159 + 130968. Is f a prime number?
True
Let z = -8659 - -12204. Is z a prime number?
False
Suppose 0 = -g - d + 1380, 2*d = -d - 15. Suppose g - 6340 = -5*p - 5*r, -1982 = -2*p + 5*r. Is p composite?
False
Let z(o) = 5*o**2 + 4*o + 42. Let b be z(14). Suppose -v + 710 = -3*h, -4*v = -h - 3885 + b. Is v a prime number?
True
Suppose 4*a = 5*a + 3*y - 1, 2*y + 2 = 0. Suppose 4*s + 4 = a*v, 2*v = -3*s - 4 + 6. Let t(u) = u + 3259. Is t(s) prime?
True
Is (2 - 70/30)/((-3)/602271) a prime number?
True
Suppose -11051061 - 4187874 = -405*z. Is z composite?
True
Suppose 40577 = d - a, 84926 = -5*d - 4*a + 287811. Is d composite?
False
Let a(x) = -11*x**3 + 33*x**2 - 92*x + 10. Let v(p) = -5*p**3 + 17*p**2 - 45*p + 4. Let h(c) = -4*a(c) + 9*v(c). Is h(19) composite?
True
Let k be 1/(-3)*-78019 - 16/48. Suppose -2*a + 2*c - k = -6*a, -c = 3. Is a a composite number?
True
Let f(q) = 20706*q + 523. Is f(3) composite?
True
Let z(c) = 8*c**3 - c - 3. Let v(q) = 17*q**3 - 2*q - 7. Let a(f) = -3*v(f) + 7*z(f). Let i be a(2). Let s = i - -269. Is s a prime number?
True
Let l = 453 + -441. Let h(f) = 85*f + 17. Is h(l) prime?
False
Let u be 10/(-4)*(-1350316)/(-110). Let c = -4466 - u. Is c a prime number?
False
Suppose -20584 = -192*m + 196*m. Let n = 7397 + m. Is n prime?
True
Suppose 4*i - l = 8, 4*i + 2*l = -3*l + 32. Let x(b) = -8153*b**3 + 8*b + 0*b - 4*b**2 - 4 + 8159*b**3. Is x(i) composite?
True
Suppose -122 = j + 210. Let h = j - -510. Is h a prime number?
False
Let j(g) = -12*g**2 + 7*g - 151. Let i(z) = -61*z**2 + 36*z - 755. Let u(k) = 4*i(k) - 22*j(k). Is u(12) a composite number?
True
Suppose 0 = 3*m - 7*s + 12*s - 653217, -s = -m + 217731. Let p = -152137 + m. Is p prime?
False
Suppose 4*f - h = -2797, f + 5*h + 609 = -106. Let z = f + 1118. Is 1*(z/2 + 2) composite?
False
Is (149605/(-10))/(20/(-16) - (-3)/4) prime?
True
Is 2*1*(-15 - (-228311)/2) a prime number?
True
Let d(n) = 2768*n - 7. Let o be d(6). Suppose w - 16587 = -2*w - 3*p, -3*w = -4*p - o. Is w prime?
True
Let d(m) be the third derivative of -165*m**4/8 + m**3/2 - 14*m**2. Is d(-4) composite?
True
Let w(o) = -47*o**3 - 2*o**2 + 19*o + 21. Is w(-4) a composite number?
True
Let f = -9734 + 18539. Suppose 33*n = 30*n + f. Is n a composite number?
True
Let f(s) = -2250*s + 29. Let l(c) = -14*c - 73. Let k be l(-5). Is f(k) a prime number?
True
Let n(m) = 9*m + 47. Let r be n(-9). Let z = r + 2551. Is z prime?
False
Let f be (-15837)/(-5) + (-9)/(-15). Let g = -76 - -80. Suppose 2*q - 545 = -5*u + 1054, -4*u = g*q - f. Is q prime?
True
Suppose 100*a + 2527284 - 23260306 = -46*a. Is a prime?
True
Suppose -w + 8*q + 2 = 7*q, q = -2*w + 7. Is w/(-8) - ((-13641320)/64)/7 composite?
False
Let k(t) = t**3 - 9*t**2 + 18*t + 6. Let x be k(10). Let p = -64 + -281. Let s = x - p. Is s a composite number?
False
Let q(f) = -63*f**2 + 49*f + 151*f**2 - 59*f**2 + 29. Is q(18) prime?
False
Let z(n) = -15*n**3 - 6*n**2 + 24*n - 14. Is z(-9) composite?
True
Let u be (-5)/(-15) - (-440)/30. Suppose u*a + 39573 = 24*a. Is a composite?
False
Let y(h) = h**3 - 5*h**2 - h - 59. Is y(34) prime?
False
Suppose 474*k = 462*k + 884307 - 191679. Is k composite?
False
Let x(f) = -233148*f - 2597. Is x(-7) prime?
False
Is (-3 + 4)/(-14*(-13)/6281002) a prime number?
True
Let b be -5 + (5870 - ((-12)/4 - -7)). Is (2/(-8))/(5 - b/1172) a composite number?
False
Let i be -1 + (-1 - -2) + (-57)/(-1). Suppose -i = l - 20*l. Suppose -2*w + 13961 = 4*n + w, -l = 3*w. Is n prime?
True
Let o be 2/10 - (0 - 724/(-20)). Let l = o - -39. Suppose 4*j = -3*v + 6619, -l*v + 4933 = 3*j - 7*v. Is j composite?
True
Let a = -13498 - -79461. Is a a prime number?
True
Suppose -7*b = -8*b - 1. Let t be 3 - -7 - 6 - (b + -3). Suppose 3*d - 1148 + 15 = 2*p, -4*p